{"id":1993,"date":"2023-01-20T19:20:31","date_gmt":"2023-01-20T19:20:31","guid":{"rendered":"https:\/\/ucnj.org\/boe\/?page_id=1993"},"modified":"2023-02-15T19:56:50","modified_gmt":"2023-02-15T19:56:50","slug":"springfield-special-school-election-march-14-2023","status":"publish","type":"page","link":"https:\/\/ucnj.org\/boe\/legal-advertisements\/springfield-special-school-election-march-14-2023\/","title":{"rendered":"Springfield Special School Election \u2013 March 14, 2023"},"content":{"rendered":"\n<div class=\"wp-block-columns alignwide tw-cols-card tw-cols-card-hard-shadow is-layout-flex wp-container-core-columns-is-layout-7387b849 wp-block-columns-is-layout-flex\">\n<div class=\"wp-block-column is-layout-flow wp-block-column-is-layout-flow\">\n<p class=\"has-text-align-center has-subtle-background-background-color has-background wp-block-paragraph\"><strong>English<\/strong><\/p>\n\n\n\n<ul class=\"wp-block-list\">\n<li><a href=\"https:\/\/ucnj.org\/boe\/wp-content\/uploads\/sites\/16\/2023\/01\/Website-SPR-Special-School-Election-Advertising-Challengers.pdf\">Challengers<\/a><\/li>\n\n\n\n<li><a href=\"https:\/\/ucnj.org\/boe\/wp-content\/uploads\/sites\/16\/2023\/01\/Website-SPR-Special-School-Election-Advertising-Counting-Provisional-Ballots.pdf\">Counting Provisional Ballots<\/a><\/li>\n\n\n\n<li><a href=\"https:\/\/ucnj.org\/boe\/wp-content\/uploads\/sites\/16\/2023\/01\/Website-SPR-Special-School-Election-Advertising-Election-Day-Challenging-Procedures.pdf\">Election Day Challenging Procedures<\/a><\/li>\n\n\n\n<li><a href=\"https:\/\/ucnj.org\/boe\/wp-content\/uploads\/sites\/16\/2023\/01\/Website-SPR-Special-School-Election-Advertising-Important-Info-for-Election-Day.pdf\">Important Info for Election Day<\/a><\/li>\n\n\n\n<li><a href=\"https:\/\/ucnj.org\/boe\/wp-content\/uploads\/sites\/16\/2023\/01\/Website-SPR-Special-School-Election-Advertising-Inspection-of-Mail-In-Ballots.pdf\">Inspection of Mail In Ballots<\/a><\/li>\n\n\n\n<li><a href=\"https:\/\/ucnj.org\/boe\/wp-content\/uploads\/sites\/16\/2023\/01\/Website-SPR-Special-School-Election-Advertising-Public-Inspection-of-Voting-Machines.pdf\">Public Inspection of Voting Machines<\/a><\/li>\n\n\n\n<li><a href=\"https:\/\/ucnj.org\/boe\/wp-content\/uploads\/sites\/16\/2023\/01\/Website-SPR-Special-School-Election-Advertising-Test-of-Tabulation-Equipment.pdf\">Test of Tabulation Equipment<\/a><\/li>\n\n\n\n<li><a href=\"https:\/\/ucnj.org\/boe\/wp-content\/uploads\/sites\/16\/2023\/01\/Website-SPR-Special-School-Election-Advertising-Close-of-Registration.pdf\">Close of Registration<\/a><\/li>\n\n\n\n<li><a href=\"https:\/\/ucnj.org\/boe\/wp-content\/uploads\/sites\/16\/2023\/02\/Website-SPR-Special-School-Election-Advertising-Question-to-be-voted-upon.doc.pdf\">Question to be voted on<\/a><\/li>\n<\/ul>\n<\/div>\n\n\n\n<div class=\"wp-block-column is-layout-flow wp-block-column-is-layout-flow\">\n<p class=\"has-text-align-center has-subtle-background-background-color has-background wp-block-paragraph\"><strong>Spanish<\/strong><\/p>\n\n\n\n<ul class=\"wp-block-list\">\n<li><a href=\"https:\/\/ucnj.org\/boe\/wp-content\/uploads\/sites\/16\/2023\/01\/Spanish-SPR-Special-School-Election-Advertising-Election-Day-Challe....pdf\">JUNTAS DE ELECCIONES DE LOS CONDADOS DE UNION AVISO P\u00daBLICO PARA TODOS LOS VOTANTES REGISTRADOS DE SPRINGFIELD<\/a><\/li>\n\n\n\n<li><a href=\"https:\/\/ucnj.org\/boe\/wp-content\/uploads\/sites\/16\/2023\/01\/Spanish-SPR-Special-School-Election-Advertising-CONTEO-DE-LAS-BALOTA....pdf\">CONSEJO DE ELECCIONES DEL CONDADO DE UNION AVISO P\u00daBLICO REFERENTE AL DICTAMEN DE LOS RESULTADOS Y EL CONTEO DE LAS BALOTAS PROVISIONALES LA ELECCI\u00d3N ESCOLAR ESPECIAL DE SPRINGFIELD \u2013 14 DE MARZO 2023<\/a><\/li>\n\n\n\n<li><a href=\"https:\/\/ucnj.org\/boe\/wp-content\/uploads\/sites\/16\/2023\/01\/Spanish-SPR-Special-School-Election-Advertising-Election-Day-Challe....pdf\">JUNTAS DE ELECCIONES DE LOS CONDADOS DE UNION AVISO P\u00daBLICO PARA TODOS LOS VOTANTES REGISTRADOS DE SPRINGFIELD<\/a><\/li>\n\n\n\n<li><a href=\"https:\/\/ucnj.org\/boe\/wp-content\/uploads\/sites\/16\/2023\/01\/Spanish-SPR-Special-School-Election-Advertising-Assistance-for-Perso....pdf\">CONSEJO DE ELECCIONES DEL CONDADO DE UNION AVISO P\u00daBLICO REFERENTE A ASISTENCIA PARA PERSONAS CON DISCAPACIDADES ELECCI\u00d3N ESCOLAR ESPECIAL DE SPRINGFIELD \u2013 14 DE MARZO DE 2023<\/a><\/li>\n\n\n\n<li><a href=\"https:\/\/ucnj.org\/boe\/wp-content\/uploads\/sites\/16\/2023\/01\/Spanish-SPR-Special-School-Election-Advertising-INSPECCION-DE-LAS-MA....pdf\">CONSEJO DE ELECCIONES DEL CONDADO DE UNION AVISO P\u00daBLICO REFERENTE A LA INSPECCI\u00d3N DE LAS M\u00c1QUINAS DE VOTACI\u00d3N LA ELECCI\u00d3N ESCOLAR ESPECIAL DE SPRINGFIELD<\/a><\/li>\n\n\n\n<li><a href=\"https:\/\/ucnj.org\/boe\/wp-content\/uploads\/sites\/16\/2023\/01\/Spanish-SPR-Special-School-Election-Advertising-INSPECCION-DE-LAS-BA....pdf\">CONSEJO DE ELECCIONES DEL CONDADO DE UNION AVISO P\u00daBLICO REFERENTE A LA INSPECCI\u00d3N DE LAS BALOTAS DE VOTACI\u00d3N POR CORREO LA ELECCI\u00d3N ESCOLAR ESPECIAL DE SPRINGFIELD<\/a><\/li>\n\n\n\n<li><a href=\"https:\/\/ucnj.org\/boe\/wp-content\/uploads\/sites\/16\/2023\/01\/Spanish-SPR-Special-School-Election-Advertising-LA-PRUEBA-DEL-EQUIPO....pdf\">CONSEJO DE ELECCIONES DEL CONDADO DE UNION AVISO P\u00daBLICO REFERENTE A LA PRUEBA DEL EQUIPO DE TABULACI\u00d3N AUTOM\u00c1TICO ELECCI\u00d3N ESCOLAR ESPECIAL DE SPRINGFIELD<\/a><\/li>\n\n\n\n<li><a href=\"https:\/\/ucnj.org\/boe\/wp-content\/uploads\/sites\/16\/2023\/01\/Spanish-SPR-Special-School-Election-Advertising-CIERRE-DE-REGISTRO-....pdf\">CONSEJO DE ELECCIONES DEL CONDADO DE UNION AVISO P\u00daBLICO A LOS VOTANTES DEL CONDADO DE UNION EL CIERRE DE REGISTRO PARA LA ELECCI\u00d3N ESCOLAR ESPECIAL DE SPRINGFIELD QUE SE CELEBRAR\u00c1 EL DE 14 DE MARZO DE 2023 ES DE 21 DE FEBRERO DE 2023<\/a><\/li>\n\n\n\n<li><a href=\"https:\/\/ucnj.org\/boe\/wp-content\/uploads\/sites\/16\/2023\/02\/Spanish-Website-SPR-Special-School-Election-Advertising-PREGUNTA-DE-PROPUESTA-DE-BONOS-Question.pdf\">AVISO P\u00daBLICO REFERENTE A LA ELECCI\u00d3N ESCOLAR ESPECIAL DE SPRINGFIELD<\/a><\/li>\n<\/ul>\n<\/div>\n<\/div>\n","protected":false},"excerpt":{"rendered":"<p>English Spanish<\/p>\n","protected":false},"author":1,"featured_media":0,"parent":29,"menu_order":0,"comment_status":"closed","ping_status":"closed","template":"","meta":{"_acf_changed":false,"_crdt_document":"","footnotes":""},"class_list":["post-1993","page","type-page","status-publish","hentry"],"acf":[],"publishpress_future_action":{"enabled":false,"date":"1970-01-01 00:00:00","action":"","terms":[],"taxonomy":"","browser_timezone_offset":0},"jetpack_sharing_enabled":true,"_links":{"self":[{"href":"https:\/\/ucnj.org\/boe\/wp-json\/wp\/v2\/pages\/1993","targetHints":{"allow":["GET"]}}],"collection":[{"href":"https:\/\/ucnj.org\/boe\/wp-json\/wp\/v2\/pages"}],"about":[{"href":"https:\/\/ucnj.org\/boe\/wp-json\/wp\/v2\/types\/page"}],"author":[{"embeddable":true,"href":"https:\/\/ucnj.org\/boe\/wp-json\/wp\/v2\/users\/1"}],"replies":[{"embeddable":true,"href":"https:\/\/ucnj.org\/boe\/wp-json\/wp\/v2\/comments?post=1993"}],"version-history":[{"count":0,"href":"https:\/\/ucnj.org\/boe\/wp-json\/wp\/v2\/pages\/1993\/revisions"}],"up":[{"embeddable":true,"href":"https:\/\/ucnj.org\/boe\/wp-json\/wp\/v2\/pages\/29"}],"wp:attachment":[{"href":"https:\/\/ucnj.org\/boe\/wp-json\/wp\/v2\/media?parent=1993"}],"curies":[{"name":"wp","href":"https:\/\/api.w.org\/{rel}","templated":true}]}}